 be l(g). Suppose 628 = -0*q + y*q. What is the units digit of q?
7
Suppose 2214857 + 1636936 = 121*t. What is the ten thousands digit of t?
3
Suppose 2*q + 0 - 10 = 0. Suppose v - 4*u = 6, -4*v = q*u - 28 + 4. Suppose v*i + 32 = b + 3*i, -5*i = -2*b + 64. What is the units digit of b?
2
Let j = -10 - -1. Let v be (4/5)/(j/(-3150)). Let f = v - 197. What is the tens digit of f?
8
Suppose -8*h = -2*h - 12954. Suppose 4*f = 3*o - h - 502, 3*o + 5*f - 2661 = 0. What is the hundreds digit of o?
8
Let y(w) = -7*w**2 - 26*w - 4. Let o be y(-6). Let i be -200 + 1 - (-2 - -2). Let m = o - i. What is the units digit of m?
9
Suppose -3*n - 4*f + 69881 = 0, 5*f - 57 = -17. What is the units digit of n?
3
Let m = 4966 + 3982. What is the thousands digit of m?
8
Suppose 0 = -23*q + 25*q + 72. Let w = 41 + q. Suppose j - 397 = 2*d - w*d, 3*j = -15. What is the hundreds digit of d?
1
Let w = -209 + 244. Let n = w + 90. What is the hundreds digit of n?
1
Suppose 3*h - 290559 = -5*b, -861*b + 864*b - 3*h = 174345. What is the ten thousands digit of b?
5
Let i(x) = -x**2 + 15*x - 25. Let o = 250 + -242. What is the units digit of i(o)?
1
Suppose 4*b = 4*i - 22508, -23*i = -18*i + b - 28105. What is the tens digit of i?
2
Let x(b) = 4*b**3 + b**2 - 5*b + 3. Let y(w) = w**2 + 8*w + 14. Let q be y(-3). Let d be -3*((-2)/(-6))/(q/3). What is the tens digit of x(d)?
0
Let n(k) = -1661*k - 3016. What is the tens digit of n(-13)?
7
Suppose 8013 = b + q - 4*q, 30 = 5*q. What is the thousands digit of b?
8
Let y(s) = -16*s - 42. Suppose -20*h + 24*h = -256. Let b be -3 - (-6)/(-4)*h/(-12). What is the hundreds digit of y(b)?
1
Suppose -5*a + 2*y = -99, -2*a + 10 + 36 = -4*y. Suppose 14*n = a*n - 5150. Suppose 118 = -4*b + n. What is the hundreds digit of b?
2
Suppose 380 = -0*z - 19*z. What is the hundreds digit of (-1)/((-6)/1917)*z/(-6)?
0
Let s be ((-47)/141)/(1/(-6)). Suppose -3*l = -6, -3388 = -2*x - s*l - 1248. What is the thousands digit of x?
1
Let c = 23 + -12. Let s = c + -184. Let t = 392 + s. What is the units digit of t?
9
Let w = -7743 + 36712. What is the tens digit of w?
6
Let c(w) = -3*w - 20. Let i be c(-8). Suppose -170 = -2*p - 4*x, 0 = -2*p + i*p - 5*x - 206. What is the units digit of p?
3
Suppose -68217 = 169*z - 252596. What is the tens digit of z?
9
Let l(x) = 3*x - 48. Let r be l(15). Let k(h) = 8*h + 20. Let c(m) = 1. Let a(j) = r*c(j) - k(j). What is the units digit of a(-17)?
3
Let g = -17625 - -30862. What is the thousands digit of g?
3
Suppose -887127 = -68*h + 1446973. What is the tens digit of h?
2
Suppose 0 = 4*t + 8 + 76. Let o be 3/(-9) - 2254/t. Let g = -34 + o. What is the tens digit of g?
7
Let c = -79 - -82. Suppose -q + 29 = 2*p, p + c*q + q = 4. What is the tens digit of 8/p + -161*1/(-2)?
8
What is the ten thousands digit of -21 + -10*132784/(-32)?
4
Let m(v) = -v - 5. Let o be m(-8). Let l(y) = 14 - y**2 - y + 4 + 25 + y**3 - o. What is the tens digit of l(0)?
4
Suppose -r - 4*i - 4 = -19, -3*r + 3*i + 15 = 0. Suppose -t + 1702 = y, 4*t + r*y = 8*y + 6833. What is the thousands digit of t?
1
Let x(d) = d**2 - 41*d + 118. Let c be x(3). Suppose -k + 722 = 5*m, -6*m + 3679 = 5*k - c*m. What is the hundreds digit of k?
7
Let d = 9 + -1. Suppose 4*n = d*n - 148. Suppose 4*p - 370 = 2*m, -m + n - 404 = -4*p. What is the units digit of p?
1
Suppose 13*c - 28 = 6*c. What is the units digit of (c + -6)/((-8)/4652)?
3
Let q(m) = 8*m + 169. Let x be q(-19). Suppose x*o = 283 + 108. What is the tens digit of o?
2
What is the tens digit of (-33968922)/(-798) - 24/(-7)?
7
Suppose -3*g + 5 = x, -5*x = -3*x + 8. Suppose g*r + 3588 = 15*r. What is the hundreds digit of r?
2
Let w(b) = 110*b + 137. Let z(m) = 110*m + 138. Let a(n) = -4*w(n) + 3*z(n). What is the units digit of a(-10)?
6
Suppose -47*g = -128*g + 57*g + 424104. What is the tens digit of g?
7
Let h = -26738 - -45916. What is the hundreds digit of h?
1
Let c(v) = 3 - 4*v + 3 - 34. Let x be c(-7). Suppose x = -t + 5*f + 50, -3*t + 294 = 2*t - 3*f. What is the tens digit of t?
6
Let t(b) = 1392*b - 23. What is the thousands digit of t(2)?
2
Let c(m) = -11*m - 30. Let y be c(-4). Suppose 4*t + y*t - 5274 = 0. What is the tens digit of t?
9
Let g = 31392 - 4488. What is the thousands digit of g?
6
Suppose -3*q - 3*m + 19323 = 0, 51*q - 48*q - 2*m - 19308 = 0. What is the units digit of q?
8
Suppose -t = t - 6. Suppose -m + 7 = -z, -5*m - t*z = -0*z - 11. Suppose -2*a - 3*i = -243, 0 = -m*a - 4*i + 2*i + 498. What is the hundreds digit of a?
1
Let g = 97300 - 44440. What is the hundreds digit of g?
8
Let d be (-104)/(-2) - (0 - -2). Let u = d - 46. Suppose -u*i + 0*i = 5*z - 464, 4*z + i - 380 = 0. What is the tens digit of z?
9
Let a(l) = 81*l**2 - 7*l + 6. Let y be a(1). Suppose -4*u = -3*q - 35, 3*u + 2*u = -q + 39. Suppose u*p - 7*p = y. What is the units digit of p?
0
Let k = 43654 - 29182. What is the ten thousands digit of k?
1
Suppose -41*r + 42*r - 288 = -2*p, 1182 = 4*r - 2*p. Suppose -3*b = 2*b - 3*c - 1418, -r = -b - 2*c. What is the hundreds digit of b?
2
Let d(z) be the third derivative of -z**5/30 - 5*z**4/8 - z**3/3 - 2*z**2. Suppose f + v + 0*v + 2 = 0, -10 = -2*v. What is the units digit of d(f)?
5
Let z(v) = -5*v + 25. Let x be z(3). Let l = x + 14. What is the tens digit of l?
2
Let i be (8/(-6))/((-56)/1764) - 3. Suppose -i*b - 1975 = -44*b. What is the tens digit of b?
9
Let v(z) = z**3 - 5*z**2 - 165*z - 49. What is the units digit of v(25)?
6
Let s(w) = 4 + 0*w**2 - 3*w**2 - 4*w - w**3 + 8 + 0*w. Let m be s(-5). Suppose 0 = -o + 4*y + m, 2*y - 4 = 3*o - 250. What is the tens digit of o?
8
Let u = -29312 - -65286. What is the ten thousands digit of u?
3
Suppose -i - d + 11 = 0, -5*d = -37*i + 32*i + 35. What is the units digit of i?
9
Let v(n) = -8*n**3 + 2*n**2 - 23*n + 2. Let j be v(-5). Suppose -3*s - o = -1743, -7*s + 5*s + j = -o. What is the hundreds digit of s?
5
Let h(a) = -a**2 + 8*a. Let o be h(6). Let c(n) = 15*n + n**2 + 241 - 2*n**2 - 257. What is the tens digit of c(o)?
2
Let m(f) = f**2 - 12*f + 5. Let g be m(12). Let r be (1 - 2)*g/(-1). Suppose 0 = -h - 4*l + 69 + 48, 2*h + r*l = 234. What is the units digit of h?
7
Suppose 6*i - 1707 = -567. Let w = -94 + i. What is the tens digit of w?
9
Suppose l = -4*v - v + 3, 0 = l - 2*v - 24. Suppose 2*p - 5*m = 1441, 2*p - 13*m = -l*m + 1491. What is the units digit of p?
3
Let r = 234 - 205. Let u(c) = c**2 - 28*c + 131. What is the tens digit of u(r)?
6
Let p(r) = 3*r**2 + 4*r - 26. Let l be p(-6). Let z = l + 51. Let c = z + -69. What is the units digit of c?
0
Suppose 168888 - 154158 = 3*o. What is the thousands digit of o?
4
Suppose 103*o - 1349575 = -436995. What is the units digit of o?
0
Suppose -18*u + 51957 = -1359. What is the hundreds digit of u?
9
Let o(w) = 4*w**3 - 9*w**2 - 2*w - 1. Suppose 2*b + 4*r - 28 = 0, 4*b + r = 5*b + 1. What is the tens digit of o(b)?
0
Let k be (-9)/36 - 18/(-8). Suppose -k*s = -109 + 1943. What is the tens digit of -1 - (s/7 - (-5 - -1))?
2
Let k(l) = -2*l**3 - 26*l**2 - 10*l - 32. Let c be k(-24). Suppose 6*s - c = -14*s. What is the units digit of s?
4
Let c(r) = -r**3 + 40*r**2 - 2*r + 76. What is the thousands digit of c(31)?
8
Let z(y) = 1410*y + 936. What is the units digit of z(7)?
6
Let o = -36 - -34. Let d be 31626/162 - o/(-9). Suppose 5*f - d = 120. What is the tens digit of f?
6
Let m(u) = 36*u**2 - 226*u + 1139. What is the tens digit of m(21)?
6
Let z = 1412 + -997. Suppose 2*a = 3*t + 731, -3*a + 4*t + 680 = -z. What is the tens digit of a?
6
What is the thousands digit of 4/(-92) + (-5878702)/(-391)?
5
Let y(m) = 1711*m**3 + 2*m**2 - 6*m - 15. What is the tens digit of y(3)?
8
Let c = 26353 + -18039. What is the tens digit of c?
1
Let o be 4276/((-77)/21 + 3). What is the units digit of 42/(-63) + o/(-9)?
2
Suppose 7*h - 839 = -762. What is the hundreds digit of 3*(5401/6)/h*2?
4
Suppose 0 = -71*q - 39*q + 661760. What is the hundreds digit of q?
0
Suppose 0 = 38*o - 0*o - 266. Suppose o*x + 6880 = 12*x. What is the units digit of x?
6
Let q(p) = -p**2 + 12*p + 26. Let t be q(-13). Let b = t + 670. What is the hundreds digit of b?
3
Let l(c) = 10*c**2 - 19*c + 1716. What is the units digit of l(49)?
5
Suppose 604 = -5*h - 4*s + 113, -3*h - 29